 number?
False
Is 34761 a composite number?
True
Is 25873 composite?
False
Is 8975839 a composite number?
False
Is 1277 composite?
False
Is 9311 composite?
False
Is 23369 prime?
True
Is 403329 a prime number?
False
Is 232091 composite?
False
Is 536609 a prime number?
True
Is 34851 composite?
True
Is 709603 a prime number?
True
Is 46261 a composite number?
False
Is 4189 a prime number?
False
Is 1347181 a composite number?
True
Is 252907 prime?
False
Is 53189 composite?
False
Is 359101 a composite number?
False
Is 78499 a prime number?
False
Is 123787 composite?
False
Is 1055 prime?
False
Is 613 a prime number?
True
Is 19099 prime?
False
Is 1098769 prime?
False
Is 590593 a composite number?
False
Is 338369 a prime number?
True
Is 1132349 a composite number?
True
Is 12713 composite?
False
Is 12411937 a prime number?
True
Is 7571 prime?
False
Is 14461 prime?
True
Is 4621 a prime number?
True
Is 11483 a prime number?
True
Is 129377 a composite number?
True
Is 4321 composite?
True
Is 88701 a prime number?
False
Is 7193 prime?
True
Is 1032051 a prime number?
False
Is 407 a prime number?
False
Is 14971 a prime number?
False
Is 1889 prime?
True
Is 382229 composite?
False
Is 26861 a composite number?
False
Is 20209 composite?
True
Is 98247 composite?
True
Is 5447 a composite number?
True
Is 313879 composite?
False
Is 7517 composite?
False
Is 8885 a composite number?
True
Is 21797 a prime number?
False
Is 93703 prime?
True
Is 313217 a prime number?
False
Is 20707 a composite number?
False
Is 67589 a prime number?
True
Is 2002031 a prime number?
False
Is 27407 composite?
False
Is 33119 a composite number?
False
Is 26627 prime?
True
Is 144427 composite?
False
Is 180569 a composite number?
False
Is 48367 composite?
True
Is 465787 a composite number?
True
Is 48857 prime?
True
Is 14903 a composite number?
True
Is 278437 a prime number?
True
Is 72121 a composite number?
True
Is 219499 composite?
True
Is 58601 a composite number?
False
Is 96827 prime?
True
Is 47459 composite?
False
Is 640869 prime?
False
Is 48595 prime?
False
Is 70529 prime?
True
Is 199123 prime?
False
Is 26861 a prime number?
True
Is 42709 a composite number?
False
Is 3251 composite?
False
Is 16943 prime?
True
Is 33703 prime?
True
Is 1532593 a prime number?
True
Is 8851 composite?
True
Is 206065 a prime number?
False
Is 6383 a composite number?
True
Is 39801 prime?
False
Is 127781 prime?
True
Is 161285 a composite number?
True
Is 3457 a prime number?
True
Is 272674 a composite number?
True
Is 66161 a prime number?
True
Is 92459 a composite number?
False
Is 39493 prime?
False
Is 30017 a prime number?
False
Is 12539 prime?
True
Is 8583 a composite number?
True
Is 5603 prime?
False
Is 3166 a composite number?
True
Is 11777 composite?
False
Is 126479 prime?
False
Is 59803 a composite number?
True
Is 15101 a prime number?
True
Is 815249 a prime number?
False
Is 39661 composite?
True
Is 89137 prime?
True
Is 23899 a prime number?
True
Is 4553 composite?
True
Is 143305 prime?
False
Is 23223 prime?
False
Is 360691 a composite number?
True
Is 29594 composite?
True
Is 23149 a composite number?
True
Is 88379 prime?
True
Is 11081 a composite number?
True
Is 2226989 composite?
False
Is 107563 composite?
False
Is 597889 prime?
True
Is 4327 a composite number?
False
Is 135173 prime?
True
Is 97462 prime?
False
Is 21309 a prime number?
False
Is 180935 a prime number?
False
Is 127279 prime?
False
Is 10243 prime?
True
Is 21403 a prime number?
False
Is 2495 prime?
False
Is 30961 composite?
True
Is 140047 prime?
False
Is 132781 a prime number?
False
Is 538107 prime?
False
Is 138311 prime?
True
Is 6467 composite?
True
Is 290461 a composite number?
True
Is 65359 a prime number?
False
Is 6406 composite?
True
Is 12799 prime?
True
Is 311371 a composite number?
False
Is 611089 prime?
False
Is 15529 a composite number?
True
Is 121477 prime?
False
Is 73819 a prime number?
True
Is 50887 composite?
True
Is 12713 composite?
False
Is 203531 a prime number?
True
Is 11695 composite?
True
Is 19354 prime?
False
Is 207737 prime?
False
Is 7226 a prime number?
False
Is 13355 prime?
False
Is 19373 composite?
False
Is 37969 a composite number?
True
Is 16963 prime?
True
Is 10823 a composite number?
True
Is 332162 composite?
True
Is 502919 prime?
True
Is 4229 prime?
True
Is 74797 prime?
True
Is 90931 a prime number?
True
Is 44579 composite?
False
Is 8063 a prime number?
False
Is 400903 a prime number?
True
Is 253853 a composite number?
False
Is 2655403 a composite number?
False
Is 1304809 composite?
True
Is 5849 a prime number?
True
Is 96431 prime?
True
Is 9753 a composite number?
True
Is 12403 a prime number?
False
Is 14369 a composite number?
False
Is 23131 a prime number?
True
Is 39097 prime?
True
Is 31397 a composite number?
False
Is 2439881 composite?
False
Is 1357262 prime?
False
Is 10198 a prime number?
False
Is 38953 a prime number?
True
Is 7607 a prime number?
True
Is 238217 a composite number?
True
Is 12667 composite?
True
Is 224279 composite?
True
Is 5549 prime?
False
Is 457829 prime?
True
Is 56237 a composite number?
False
Is 133259 composite?
True
Is 1241141 a prime number?
False
Is 102397 prime?
True
Is 434722 a prime number?
False
Is 28963 a prime number?
False
Is 804001 composite?
True
Is 91411 composite?
False
Is 156811 composite?
True
Is 1106621 a composite number?
False
Is 13571 a composite number?
True
Is 231107 a composite number?
False
Is 613957 prime?
True
Is 764947 prime?
True
Is 279347 composite?
True
Is 5089 a composite number?
True
Is 145154 prime?
False
Is 10401 prime?
False
Is 17783 a prime number?
True
Is 123653 a composite number?
False
Is 77711 a composite number?
False
Is 423659 a prime number?
False
Is 14071 prime?
True
Is 11047 composite?
False
Is 1642 a prime number?
False
Is 122338 a composite number?
True
Is 463637 a prime number?
False
Is 66499 composite?
False
Is 4054 a composite number?
True
Is 72589 a composite number?
True
Is 547013 composite?
True
Is 14086 composite?
True
Is 2258 a composite number?
True
Is 201101 a composite number?
False
Is 3865427 prime?
False
Is 9091 composite?
False
Is 59457 a prime number?
False
Is 159383 a composite number?
True
Is 201329 composite?
False
Is 3151 a composite number?
True
Is 6449 composite?
False
Is 56339 a composite number?
True
Is 73009 prime?
True
Is 21639 prime?
False
Is 2204431 a prime number?
True
Is 15187 prime?
True
Is 26155 composite?
True
Is 3091 prime?
False
Is 24355 composite?
True
Is 1531 a prime number?
True
Is 3907 prime?
True
Is 661591 composite?
True
Is 2729 a prime number?
True
Is 107557 a composite number?
True
Is 10097 composite?
True
Is 128111 composite?
False
Is 42037 composite?
True
Is 14189 prime?
False
Is 191 a prime number?
True
Is 96545 a composite number?
True
Is 247283 composite?
True
Is 59693 prime?
True
Is 542821 prime?
True
Is 84191 a prime number?
True
Is 32087 composite?
True
Is 85282 prime?
False
Is 406013 a composite number?
False
Is 179981 a composite number?
False
Is 84913 a prime number?
True
Is 180413 a prime number?
True
Is 1141427 prime?
False
Is 18701 prime?
True
Is 1588705 a composite number?
True
Is 15883 prime?
False
Is 15091 prime?
True
Is 15073 prime?
True
Is 164737 a prime number?
False
Is 568523 a prime number?
True
Is 55346 prime?
False
Is 69209 a composite number?
True
Is 4321 prime?
False
Is 305255 a prime number?
False
Is 4765 a composite number?
True
Is 58679 a composite number?
False
Is 36947 composite?
False
Is 6421 a prime number?
True
Is 1138589 a prime number?
True
Is 2551639 composite?
False
Is 1073 a prime number?
False
Is 1949 prime?
True
Is 3607 prime?
True
Is 655987 a prime number?
True
Is 44413 composite?
True
Is 20849 a composite number?
False
Is 568382 a prime number?
False
Is 796583 a prime number?
True
Is 100319 a composite number?
True
Is 170981 a prime number?
False
Is 587 prime?
True
Is 711397 composite?
False
Is 1031081 composite?
False
Is 4727 a prime number?
False
Is 5989 a prime number?
False
Is 203117 a composite number?
False
Is 197539 a prime number?
True
Is 5539 a composite number?
True
Is 34781 a prime number?
True
Is 10487 prime?
True
Is 1795 a prime number?
False
Is 261473 a composite number?
True
Is 25383 composite?
True
Is 19369 a composite number?
True
Is 119461 co